e 14) to base 12.
25105a
Convert -241274 (base 8) to base 6.
-1434300
What is -30668 (base 9) in base 2?
-100111100000111
Convert -942781 (base 11) to base 2.
-101110001000011000101
6abb2 (base 12) to base 5
14042124
What is a757a82 (base 11) in base 13?
3bc8aab
-2729a1 (base 13) to base 16
-e794f
Convert -1100100111110000101110 (base 2) to base 8.
-14476056
Convert -4554532 (base 6) to base 16.
-38e58
c8326b (base 15) to base 12
3235ba8
What is -110111000 (base 2) in base 4?
-12320
Convert -a5033a (base 11) to base 4.
-12123022121
32223332 (base 4) to base 2
1110101011111110
-1113011223 (base 4) to base 16
-5716b
40138 (base 12) to base 11
57505
Convert -85703 (base 9) to base 8.
-156577
What is 211200020111 (base 3) in base 6?
13322151
114452415 (base 6) to base 16
21549b
-44b6541 (base 12) to base 6
-1150243321
Convert 121883 (base 9) to base 2.
10001111110010111
Convert c78e6 (base 16) to base 3.
1112112020102
What is 11011111000100111 (base 2) in base 14?
2d8a3
Convert -44541364 (base 8) to base 6.
-542052312
What is -3403653 (base 7) in base 5?
-101442121
What is -a38 (base 11) in base 15?
-586
What is -1cb981 (base 16) in base 3?
-10112122022010
111110100001101000 (base 2) to base 5
31143404
What is 22130120030 (base 4) in base 5?
1200101201
1de741 (base 16) to base 6
110000521
26120205 (base 7) to base 16
243c24
What is -11b8b9 (base 14) in base 9?
-1126207
Convert -1222210110101 (base 3) to base 8.
-4024032
Convert 22303103 (base 4) to base 9.
66618
Convert 30131124 (base 5) to base 7.
2015236
Convert 56855 (base 11) to base 2.
10100000100101011
What is 765029 (base 14) in base 8?
17226075
Convert -1686297 (base 12) to base 16.
-470a13
Convert 11030420 (base 6) to base 11.
206459
What is 6c0 (base 16) in base 11?
1331
What is 340420 (base 5) in base 9?
17386
9292a (base 11) to base 12
66540
Convert -24b65 (base 15) to base 11.
-80165
Convert -a40b6 (base 14) to base 12.
-170914
-163280 (base 9) to base 6
-2054500
-14441101 (base 5) to base 4
-212002000
-516343 (base 9) to base 2
-1001010110100011110
What is -2412443 (base 5) in base 3?
-2021101100
Convert -37039 (base 15) to base 8.
-526702
Convert -8815c (base 13) to base 2.
-111100001000100110
Convert -268059 (base 15) to base 12.
-752440
-4114567 (base 11) to base 3
-111200020201220
-244aa64 (base 11) to base 7
-51133140
3a380 (base 12) to base 13
2a561
Convert 1000110001111011 (base 2) to base 9.
54288
What is 32222113030 (base 4) in base 2?
1110101010010111001100
Convert 43752 (base 16) to base 15.
56d06
-1001011100110000 (base 2) to base 8
-113460
What is b141c3 (base 13) in base 16?
3ee52c
Convert -98577 (base 11) to base 12.
-6a996
Convert -3bb23c1 (base 13) to base 2.
-1001000000010010100100111
232213231310 (base 4) to base 13
26bb950
Convert 233385 (base 9) to base 13.
4bb15
What is -283043 (base 9) in base 2?
-101010001100001100
What is 7a87a3 (base 12) in base 6?
110033123
Convert -115242025 (base 6) to base 15.
-2db012
Convert 11000111100100100011 (base 2) to base 8.
3074443
10016a7 (base 11) to base 4
12301002213
Convert 7532960 (base 10) to base 6.
425242452
What is 20474 (base 15) in base 2?
11000111101110011
-6be04 (base 15) to base 14
-8d537
Convert -1101111010111001010001 (base 2) to base 11.
-2072699
Convert 4ed67 (base 15) to base 11.
162a03
What is -7aa6 (base 15) in base 3?
-1022201010
110101010110000010111 (base 2) to base 13
49281b
-669a2a (base 13) to base 16
-24ef8f
What is 824865 (base 14) in base 16?
430479
Convert -2711758 (base 10) to base 12.
-aa937a
Convert 1222002000010 (base 3) to base 15.
1597e0
Convert 42656062 (base 7) to base 9.
6764174
What is 42d64 (base 15) in base 4?
303310231
1a003ba (base 14) to base 2
110001001111011111110000
Convert -114245 (base 6) to base 11.
-75a5
8d2e (base 16) to base 13
135b2
What is 141019 (base 12) in base 15?
68c50
What is 9ab3c0 (base 13) in base 10?
3652077
-34342423 (base 5) to base 12
-12aa75
Convert -530406 (base 8) to base 2.
-101011000100000110
4463721 (base 8) to base 2
100100110011111010001
Convert 136624120 (base 7) to base 15.
bdb01d
What is -340220 (base 8) in base 15?
-24057
What is -45b1d (base 14) in base 4?
-221121133
What is -105204 (base 11) in base 7?
-1266441
What is 438981 (base 15) in base 4?
30101301121
What is 3641124 (base 7) in base 3?
212120012220
Convert -101000010020000 (base 3) to base 5.
-2330114014
What is -745a7 (base 11) in base 14?
-2b7a5
-3171475 (base 9) to base 14
-323988
What is 21141266 (base 7) in base 8?
6653223
Convert 1001101122 (base 3) to base 4.
11003123
cc30 (base 13) to base 12
14553
Convert 10616200 (base 7) to base 3.
1202012021021
-57701 (base 9) to base 16
-964c
Convert 683719 (base 12) to base 2.
110010110100001000101
-a99908 (base 11) to base 12
-7079b7
15b6e (base 15) to base 4
101012333
-2825098 (base 11) to base 4
-102210113312
132611 (base 12) to base 13
b0716
What is 267775 (base 11) in base 9?
710352
What is 1082 (base 16) in base 13?
1c01
What is 25743004 (base 9) in base 11?
7170385
What is -4111543 (base 6) in base 4?
-233320113
Convert 12021222012 (base 3) to base 5.
11313400
What is 8bc08c (base 14) in base 8?
22115314
10000000111101 (base 2) to base 16
203d
What is -200010002122 (base 3) in base 6?
-11350412
What is 16252325 (base 7) in base 11?
987004
What is 50841 (base 14) in base 3?
100211201021
What is 2000212341 (base 5) in base 16?
3bb6ff
Convert 2531301 (base 8) to base 13.
1b7185
410a330 (base 11) to base 3
111122220012222
233550 (base 8) to base 16
13768
-5252124 (base 6) to base 9
-428787
-555570 (base 12) to base 11
-847825
Convert 142242114 (base 5) to base 16.
b57f1
What is 1003101013 (base 4) in base 13?
98545
70b22 (base 12) to base 14
3b6b0
What is -53036b (base 12) in base 6?
-44002215
-6b703a (base 13) to base 12
-a33b51
1142005 (base 6) to base 3
10001101012
11230012213 (base 4) to base 3
2210202202211
a9855 (base 11) to base 6
3230013
233082 (base 9) to base 6
3000202
Convert 3b883a (base 12) to base 5.
223131424
-36faa (base 16) to base 6
-4454322
1a04234 (base 11) to base 5
1331401144
-1456301 (base 9) to base 14
-16d564
Convert -11a31d8 (base 14) to base 5.
-4131211023
181788 (base 9) to base 3
12201212222
What is 41202041 (base 6) in base 4?
10200223021
What is 4348c (base 13) in base 5?
12343002
21721404 (base 8) to base 7
54622300
What is -165c8 (base 14) in base 13?
-1c676
-1014544020 (base 6) to base 8
-50312014
Convert -658783 (base 9) to base 5.
-100043243
660152 (base 7) to base 13
4065b
Convert 23872 (base 11) to base 13.
12812
Convert 11303030313 (base 4) to base 16.
173337
Convert 121226 (base 8) to base 13.
15c39
What is 20441234 (base 6) in base 16?
919f6
1431022 (base 5) to base 9
45305
Convert -2241140 (base 5) to base 6.
-505550
What is -193575 (base 11) in base 7?
-2346230
What is 87438 (base 12) in base 2?
101011100110101100
Convert -404314231 (base 6) to base 15.
-91d7e7
What is 315343 (base 10) in base 4?
1030333033
Convert 10001101000110110011010 (base 2) to base 16.
468d9a
Convert 2a6475 (base 12) to base 4.
2232310121
What is -274400 (base 8) in base 5?
-11042022
What is 2221302121 (base 4) in base 5?
134223244
Convert bd5de2 (base 15) to base 14.
12b13c2
-1063300 (base 7) to base 15
-29721
What is 3152312 (base 6) in base 16?
25c94
What is 1020120201120 (base 3) in base 5?
132123002
What is -52787 (base 11) in base 13?
-28c65
-39895a5 (base 11) to base 3
-110222020202012
-6446101 (base 7) to base 4
-2333213002
What is -14926 (base 14) in base 5?
-3114230
What is -255522524 (base 7) in base 6?
-1341524152
Convert 116105210 (base 7) to base 16.
6f95e1
What is -4114410 (base 8) in base 13?
-2c1153
1100112003 (base 4) to base 5
41012331
What is -1000000011100001011011 (base 2) in base 9?
-3867478
What is -120105224 (base 6) in base 15?
-2e6307
What is -134424 (base 9) in base 3?
-11011110211
Convert 377624 (base 10) to base 2.
1011100001100011000
Convert 110111010010000100001111 (base 2) to base 7.
234115331
What is a05ed7 (base 16) in base 3?
201202222001201
-100000000000011010101000 (base 2) to base 7
-131213360
-111110011000001111 (base 2) to base 11
-164a66
What is -2ab2c (base 15) in base 11?
-94356
What is -1433005 (base 6) in base 2?
-10100000101111101
What is -10348ab (base 12) in base 9?
-5